{"id":242,"date":"2024-10-28T17:28:34","date_gmt":"2024-10-28T17:28:34","guid":{"rendered":"https:\/\/thetechnicalcorps.com\/?page_id=242"},"modified":"2024-10-28T17:28:49","modified_gmt":"2024-10-28T17:28:49","slug":"haxo","status":"publish","type":"page","link":"https:\/\/thetechnicalcorps.com\/?page_id=242","title":{"rendered":"Haxo"},"content":{"rendered":"\n<p><strong>Fran\u00e7ois Nicolas Beno\u00eet Haxo (Lun\u00e9ville, 24 June 1774 \u2013 Paris, 25 June 1838)<\/strong><\/p>\n\n\n\n<p><br>Haxo studied at the Ch\u00e2lons artillery school in 1792-1793, then was employed in the engineering corps from 1794 on. He participated in the Second Italian Campaign and was promoted to battalion chief. He worked on the Rocca d\u2019Anfo and at Peschiera. He was chief of staff under Chasseloup in 1808, then served in Spain, where he was promoted to colonel in 1809, then to brigadier in 1810. Taken prisoner at Kulm in 1813, he came back to France in June 1814 and was made a knight of Saint-Louis. Served during the Hundred Days, was dismissed afterwards but only for 8 months. He was made a member of the Engineering Committee in 1830 and a State Councillor in 1831. He was decorated with the Grand Cross of the Legion of Honour in 1833.<\/p>\n","protected":false},"excerpt":{"rendered":"<p>Fran\u00e7ois Nicolas Beno\u00eet Haxo (Lun\u00e9ville, 24 June 1774 \u2013 Paris, 25 June 1838) Haxo studied at the Ch\u00e2lons artillery school in 1792-1793, then was employed in the engineering corps from 1794 on. He participated in the Second Italian Campaign and was promoted to battalion chief. He worked on the Rocca d\u2019Anfo and at Peschiera. He [&hellip;]<\/p>\n","protected":false},"author":1,"featured_media":0,"parent":53,"menu_order":0,"comment_status":"closed","ping_status":"closed","template":"","meta":{"footnotes":""},"class_list":["post-242","page","type-page","status-publish","hentry"],"_links":{"self":[{"href":"https:\/\/thetechnicalcorps.com\/index.php?rest_route=\/wp\/v2\/pages\/242","targetHints":{"allow":["GET"]}}],"collection":[{"href":"https:\/\/thetechnicalcorps.com\/index.php?rest_route=\/wp\/v2\/pages"}],"about":[{"href":"https:\/\/thetechnicalcorps.com\/index.php?rest_route=\/wp\/v2\/types\/page"}],"author":[{"embeddable":true,"href":"https:\/\/thetechnicalcorps.com\/index.php?rest_route=\/wp\/v2\/users\/1"}],"replies":[{"embeddable":true,"href":"https:\/\/thetechnicalcorps.com\/index.php?rest_route=%2Fwp%2Fv2%2Fcomments&post=242"}],"version-history":[{"count":1,"href":"https:\/\/thetechnicalcorps.com\/index.php?rest_route=\/wp\/v2\/pages\/242\/revisions"}],"predecessor-version":[{"id":243,"href":"https:\/\/thetechnicalcorps.com\/index.php?rest_route=\/wp\/v2\/pages\/242\/revisions\/243"}],"up":[{"embeddable":true,"href":"https:\/\/thetechnicalcorps.com\/index.php?rest_route=\/wp\/v2\/pages\/53"}],"wp:attachment":[{"href":"https:\/\/thetechnicalcorps.com\/index.php?rest_route=%2Fwp%2Fv2%2Fmedia&parent=242"}],"curies":[{"name":"wp","href":"https:\/\/api.w.org\/{rel}","templated":true}]}}